{"id":95,"date":"2025-07-06T09:03:05","date_gmt":"2025-07-06T08:03:05","guid":{"rendered":"https:\/\/psychologie-hubinger.at\/?page_id=95"},"modified":"2026-01-29T18:12:32","modified_gmt":"2026-01-29T17:12:32","slug":"95-2","status":"publish","type":"page","link":"https:\/\/psychologie-hubinger.at\/","title":{"rendered":"Home"},"content":{"rendered":"\n<h3 class=\"wp-block-heading\"><strong>\u00dcber mich<\/strong><\/h3>\n\n\n\n<div class=\"wp-block-columns is-layout-flex wp-container-core-columns-is-layout-28f84493 wp-block-columns-is-layout-flex\">\n<div class=\"wp-block-column has-global-padding is-layout-constrained wp-block-column-is-layout-constrained\" style=\"flex-basis:100%\">\n<div class=\"wp-block-media-text is-stacked-on-mobile is-image-fill-element\" style=\"grid-template-columns:30% auto\"><figure class=\"wp-block-media-text__media\"><img loading=\"lazy\" decoding=\"async\" width=\"768\" height=\"1024\" src=\"https:\/\/psychologie-hubinger.at\/wp-content\/uploads\/2025\/08\/250715_Mareike_Auswahl-2klein-768x1024.jpg\" alt=\"\" class=\"wp-image-187 size-full\" style=\"object-position:50% 15%\" srcset=\"https:\/\/psychologie-hubinger.at\/wp-content\/uploads\/2025\/08\/250715_Mareike_Auswahl-2klein-768x1024.jpg 768w, https:\/\/psychologie-hubinger.at\/wp-content\/uploads\/2025\/08\/250715_Mareike_Auswahl-2klein-225x300.jpg 225w, https:\/\/psychologie-hubinger.at\/wp-content\/uploads\/2025\/08\/250715_Mareike_Auswahl-2klein-1152x1536.jpg 1152w, https:\/\/psychologie-hubinger.at\/wp-content\/uploads\/2025\/08\/250715_Mareike_Auswahl-2klein.jpg 1200w\" sizes=\"auto, (max-width: 768px) 100vw, 768px\" \/><\/figure><div class=\"wp-block-media-text__content\">\n<ul class=\"wp-block-list\">\n<li>Studium der Psychologie an der Universit\u00e4t Wien<\/li>\n\n\n\n<li>Postgraduelle Ausbildung in Klinischer Psychologie<\/li>\n\n\n\n<li>Berufserfahrung in der Forensik (Ma\u00dfnahmenvollzug nach \u00a7 21 Abs. 1 StGB) und Akutpsychiatrie, sowie derzeit in der Suchthilfe t\u00e4tig<\/li>\n<\/ul>\n<\/div><\/div>\n<\/div>\n<\/div>\n\n\n\n<div style=\"height:30px\" aria-hidden=\"true\" class=\"wp-block-spacer\"><\/div>\n\n\n\n<h3 class=\"wp-block-heading\"><strong>Methode<\/strong><\/h3>\n\n\n\n<p>Die klinisch-psychologische Behandlung (auch Psychologische Therapie genannt) hat das Ziel, psychische St\u00f6rungen oder Leidenszust\u00e4nde zu lindern oder zu beseitigen und bei der Bew\u00e4ltigung von Belastungen und Krisen zu unterst\u00fctzen. Hierf\u00fcr werden wissenschaftlich fundierte psychologische Methoden angewendet.<\/p>\n\n\n\n<p>Auch wenn keine psychische St\u00f6rung vorliegt, kann psychologische Beratung bei schwierigen Entscheidungen, Konflikten oder der Pers\u00f6nlichkeitsentwicklung hilfreich sein.<\/p>\n\n\n\n<div style=\"height:30px\" aria-hidden=\"true\" class=\"wp-block-spacer\"><\/div>\n\n\n\n<h3 class=\"wp-block-heading\"><strong>Schwerpunkte<\/strong><\/h3>\n\n\n\n<p>Mein Angebot richtet sich an Erwachsene ab 18 Jahren. Ich unterst\u00fctze Sie in folgenden Bereichen:<\/p>\n\n\n\n<ul class=\"wp-block-list\">\n<li>Akute Belastungen<\/li>\n\n\n\n<li>Angst<\/li>\n\n\n\n<li>Beziehungen, einschlie\u00dflich alternative Beziehungsformen (ethische Nicht-Monogamie, Polyamorie)<\/li>\n\n\n\n<li>Depression<\/li>\n\n\n\n<li>Emotionsregulation, Aggression<\/li>\n\n\n\n<li>Pers\u00f6nlichkeitsentwicklung<\/li>\n\n\n\n<li>Selbstwert<\/li>\n\n\n\n<li>Stressbew\u00e4ltigung und Entspannung<\/li>\n\n\n\n<li>Substanzmissbrauch, Abh\u00e4ngigkeit<\/li>\n<\/ul>\n\n\n\n<div style=\"height:30px\" aria-hidden=\"true\" class=\"wp-block-spacer\"><\/div>\n\n\n\n<h3 class=\"wp-block-heading\"><strong>Ablauf<\/strong><\/h3>\n\n\n\n<p>Wenn Sie Interesse an einer klinisch-psychologischen Behandlung oder Beratung haben, k\u00f6nnen Sie sich gerne per E-Mail oder telefonisch bei mir melden. In einem pers\u00f6nlichen Erstgespr\u00e4ch kl\u00e4ren wir gemeinsam, ob die Voraussetzungen f\u00fcr eine gute Zusammenarbeit gegeben sind. Au\u00dferdem besprechen wir alle formalen Rahmenbedingungen.<\/p>\n\n\n\n<div style=\"height:30px\" aria-hidden=\"true\" class=\"wp-block-spacer\"><\/div>\n\n\n\n<h3 class=\"wp-block-heading\"><strong>Absageregelung<\/strong><\/h3>\n\n\n\n<p>Vereinbarte Termine k\u00f6nnen bis zu 48 Stunden im Voraus telefonisch oder per SMS kostenlos abgesagt werden. Im Falle einer pl\u00f6tzlichen Erkrankung (\u00e4rztliche Best\u00e4tigung erforderlich) ist eine kostenfreie Stornierung bis maximal 24 Stunden vor dem Termin m\u00f6glich. In allen anderen F\u00e4llen wird das gesamte Honorar verrechnet.<\/p>\n\n\n\n<div style=\"height:30px\" aria-hidden=\"true\" class=\"wp-block-spacer\"><\/div>\n\n\n\n<h3 class=\"wp-block-heading\"><strong>Kontakt<\/strong><\/h3>\n\n\n\n<p>Adresse: Martinstra\u00dfe 43\/2\/9, 1180 Wien<\/p>\n\n\n\n<p>Telefon:&nbsp;<a href=\"tel:+4368110160994\">0681\/101 60 994<\/a><\/p>\n\n\n\n<p>E-Mail:&nbsp;<a href=\"mailto:info@psychologie-hubinger.at\" target=\"_blank\" rel=\"noreferrer noopener\">info@psychologie-hubinger.at<\/a><\/p>\n\n\n\n<p><\/p>\n\n\n\n<p>Sollten Sie mich telefonisch nicht erreichen, hinterlassen Sie bitte eine Nachricht auf der Mailbox. Ich werde Sie zeitnah zur\u00fcckrufen.<\/p>\n\n\n\n<p>Bei suizidalen Krisen oder anderen Notf\u00e4llen wenden Sie sich bitte an den Psychosozialen Dienst (Tel.: 01\/31 330 \u2013 rund um die Uhr erreichbar) oder rufen Sie die Rettung (Tel.: 144).<\/p>\n\n\n\n<p><\/p>\n","protected":false},"excerpt":{"rendered":"<p>\u00dcber mich Methode Die klinisch-psychologische Behandlung (auch Psychologische Therapie genannt) hat das Ziel, psychische St\u00f6rungen oder Leidenszust\u00e4nde zu lindern oder zu beseitigen und bei der Bew\u00e4ltigung von Belastungen und Krisen zu unterst\u00fctzen. Hierf\u00fcr werden wissenschaftlich fundierte psychologische Methoden angewendet. Auch wenn keine psychische St\u00f6rung vorliegt, kann psychologische Beratung bei schwierigen Entscheidungen, Konflikten oder der Pers\u00f6nlichkeitsentwicklung [&hellip;]<\/p>\n","protected":false},"author":1,"featured_media":0,"parent":0,"menu_order":0,"comment_status":"closed","ping_status":"closed","template":"","meta":{"footnotes":""},"class_list":["post-95","page","type-page","status-publish","hentry"],"_links":{"self":[{"href":"https:\/\/psychologie-hubinger.at\/index.php?rest_route=\/wp\/v2\/pages\/95","targetHints":{"allow":["GET"]}}],"collection":[{"href":"https:\/\/psychologie-hubinger.at\/index.php?rest_route=\/wp\/v2\/pages"}],"about":[{"href":"https:\/\/psychologie-hubinger.at\/index.php?rest_route=\/wp\/v2\/types\/page"}],"author":[{"embeddable":true,"href":"https:\/\/psychologie-hubinger.at\/index.php?rest_route=\/wp\/v2\/users\/1"}],"replies":[{"embeddable":true,"href":"https:\/\/psychologie-hubinger.at\/index.php?rest_route=%2Fwp%2Fv2%2Fcomments&post=95"}],"version-history":[{"count":30,"href":"https:\/\/psychologie-hubinger.at\/index.php?rest_route=\/wp\/v2\/pages\/95\/revisions"}],"predecessor-version":[{"id":198,"href":"https:\/\/psychologie-hubinger.at\/index.php?rest_route=\/wp\/v2\/pages\/95\/revisions\/198"}],"wp:attachment":[{"href":"https:\/\/psychologie-hubinger.at\/index.php?rest_route=%2Fwp%2Fv2%2Fmedia&parent=95"}],"curies":[{"name":"wp","href":"https:\/\/api.w.org\/{rel}","templated":true}]}}